?
7
What is the tens digit of 1406026206?
0
What is the tens digit of 66924304?
0
What is the thousands digit of 31597272?
7
What is the hundred thousands digit of 500670639?
6
What is the hundreds digit of 1166667350?
3
What is the hundred thousands digit of 13986629?
9
What is the units digit of 229864051?
1
What is the tens digit of 4652266188?
8
What is the ten millions digit of 613364139?
1
What is the thousands digit of 583269170?
9
What is the units digit of 1538189047?
7
What is the ten thousands digit of 903388546?
8
What is the billions digit of 6028318187?
6
What is the hundreds digit of 110208530?
5
What is the hundred millions digit of 1913648689?
9
What is the hundreds digit of 23807701?
7
What is the hundreds digit of 2070913604?
6
What is the hundred thousands digit of 168238969?
2
What is the ten thousands digit of 866074512?
7
What is the tens digit of 463537029?
2
What is the hundred millions digit of 396167500?
3
What is the ten thousands digit of 61472928?
7
What is the thousands digit of 74212278?
2
What is the thousands digit of 210544969?
4
What is the thousands digit of 26802374?
2
What is the thousands digit of 5003680?
3
What is the hundreds digit of 258240422?
4
What is the units digit of 105508389?
9
What is the ten thousands digit of 2949627049?
2
What is the millions digit of 7551952?
7
What is the millions digit of 1361424073?
1
What is the units digit of 122065872?
2
What is the ten thousands digit of 292283652?
8
What is the ten millions digit of 371124865?
7
What is the ten millions digit of 848166677?
4
What is the billions digit of 2833972162?
2
What is the thousands digit of 527566139?
6
What is the hundred thousands digit of 25814557?
8
What is the hundred thousands digit of 3448188338?
1
What is the ten thousands digit of 43744948?
4
What is the ten thousands digit of 77324398?
2
What is the ten millions digit of 170391051?
7
What is the millions digit of 191373486?
1
What is the hundred thousands digit of 63562943?
5
What is the tens digit of 136355832?
3
What is the ten thousands digit of 42703612?
0
What is the hundred thousands digit of 677819860?
8
What is the tens digit of 63246205?
0
What is the ten thousands digit of 14676497?
7
What is the tens digit of 1561720591?
9
What is the units digit of 691976240?
0
What is the tens digit of 169062163?
6
What is the ten millions digit of 34637039?
3
What is the hundred thousands digit of 19515794?
5
What is the thousands digit of 3431105?
1
What is the tens digit of 152565403?
0
What is the millions digit of 872770534?
2
What is the hundred thousands digit of 6613529407?
5
What is the thousands digit of 38054548?
4
What is the hundred millions digit of 1164399364?
1
What is the ten thousands digit of 1408300949?
0
What is the millions digit of 65841827?
5
What is the hundred millions digit of 128678237?
1
What is the hundred millions digit of 144666648?
1
What is the hundred thousands digit of 390237193?
2
What is the ten millions digit of 110679417?
1
What is the ten millions digit of 37620244?
3
What is the units digit of 205040786?
6
What is the millions digit of 77887372?
7
What is the tens digit of 947687395?
9
What is the hundreds digit of 50167807?
8
What is the thousands digit of 8846525?
6
What is the ten millions digit of 1487864505?
8
What is the hundred thousands digit of 126793791?
7
What is the units digit of 56419576?
6
What is the ten thousands digit of 26880992?
8
What is the units digit of 12485453?
3
What is the hundred thousands digit of 123413389?
4
What is the hundred thousands digit of 50743751?
7
What is the units digit of 71714467?
7
What is the hundred millions digit of 2454391992?
4
What is the ten thousands digit of 1325777829?
7
What is the hundreds digit of 7622212551?
5
What is the hundred thousands digit of 548874625?
8
What is the hundreds digit of 49946701?
7
What is the ten millions digit of 66852417?
6
What is the ten thousands digit of 92208557?
0
What is the units digit of 58503130?
0
What is the hundred millions digit of 1831500508?
8
What is the hundred thousands digit of 739065925?
0
What is the hundreds digit of 573709147?
1
What is the millions digit of 25298954?
5
What is the tens digit of 54155545?
4
What is the thousands digit of 392469114?
9
What is the hundred millions digit of 610583752?
6
What is the hundreds digit of 34480974?
9
What is the hundreds digit of 40247618?
6
What is the millions digit of 773500546?
3
What is the hundred thousands digit of 906920518?
9
What is the thousands digit of 2465907719?
7
What is the thousands digit of 5768151?
8
What is the hundreds digit of 57440129?
1
What is the millions digit of 808626326?
8
What is the hundreds digit of 58543402?
4
What is the tens digit of 559009919?
1
What is the ten thousands digit of 253868286?
6
What is the tens digit of 43481628?
2
What is the millions digit of 290769600?
0
What is the millions digit of 932460171?
2
What is the thousands digit of 116434920?
4
What is the millions digit of 893973937?
3
What is the hundred thousands digit of 998723978?
7
What is the hundred millions digit of 253885379?
2
What is the hundred thousands digit of 94668321?
6
What is the hundred thousands digit of 74596171?
5
What is the tens digit of 495931207?
0
What is the hundred millions digit of 2783138484?
7
What is the tens digit of 5420431652?
5
What is the units digit of 1267751733?
3
What is the millions digit of 41835912?
1
What is the tens digit of 633791523?
2
What is the tens digit of 711991275?
7
What is the units digit of 100244715?
5
What is the hundred thousands digit of 1678899161?
8
What is the hundred thousands digit of 214058526?
0
What is the thousands digit of 4855386?
5
What is the ten thousands digit of 12803797?
0
What is the ten millions digit of 1110878765?
1
What is the tens digit of 2952160840?
4
What is the hundred thousands digit of 1251629592?
6
What is the hundred millions digit of 615053331?
6
What is the hundred millions digit of 241983737?
2
What is the hundred millions digit of 2131620966?
1
What is the ten millions digit of 352092722?
5
What is the ten millions digit of 21922999?
2
What is the ten thousands digit of 700037802?
3
What is the ten thousands digit of 383344376?
4
What is the ten thousands digit of 152670985?
7
What is the ten thousands digit of 4199385657?
8
What is the hundred thousands digit of 55024386?
0
What is the tens digit of 13064210?
1
What is the units digit of 4070305?
5
What is the hundreds digit of 326589300?
3
What is the ten thousands digit of 438843460?
4
What is the thousands digit of 584784973?
4
What is the ten millions digit of 4171548170?
7
What is the millions digit of 165736121?
5
What is the hundred thousands digit of 124330242?
3
What is the hundreds digit of 12488361?
3
What is the hundred thousands digit of 928809035?
8
What is the hundred thousands digit of 169334918?
3
What is the millions digit of 2385299?
2
What is the hundreds digit of 1274035975?
9
What is the tens digit of 7906060?
6
What is the millions digit of 7499320?
7
What is the millions digit of 39613915?
9
What is the ten millions digit of 23230606?
2
What is the ten thousands digit of 10923202?
2
What is the ten thousands digit of 24133546?
3
What is the ten thousands digit of 728214796?
1
What is the hundred thousands digit of 488199701?
1
What is the ten millions digit of 106523273?
0
What is the units digit of 26739424?
4
What is the millions digit of 362252287?
2
What is the tens digit of 7850169?
6
What is the millions digit of 186319176?
6
What is the ten thousands digit of 255105537?
0
What is the millions digit of 1606400149?
6
What is the millions digit of 82637864?
2
What is the millions digit of 1880529164?
0
What is the hundred thousands digit of 51293643?
2
What is the tens digit of 688656863?
6
What is the units digit of 677280986?
6
What is the hundreds digit of 807973104?
1
What is the tens digit of 260639750?
5
What is the hundreds digit of 6529208083?
0
What is the ten thousands digit of 7730818?
3
What is the millions digit of 2263685338?
3
What is the units digit of 39599299?
9
What is the hundreds digit of 13563134?
1
What is the millions digit of 1573847313?
3
What is the millions digit of 1